 -2*t**3 - 5*t**2 + 10*t - 18. Give w(-4).
-10
Let k(z) = 77*z + 546. Give k(-7).
7
Let c(r) = -2*r**3 - 15*r**2 - 25*r + 1. Determine c(-5).
1
Let s(w) = 376*w + 1966. Calculate s(-5).
86
Let n(f) = -f**3 + 67*f**2 + 79*f + 104. What is n(68)?
852
Let j(p) = p**3 + 2*p**2 - 5*p + 39. Give j(-5).
-11
Let q(p) = -15*p + 306. Give q(17).
51
Let c(b) = -6*b**2 + 238*b + 2. Calculate c(37).
594
Let i(b) = -26*b**3 + 4*b**2 + 9*b + 7. Give i(-1).
28
Let x(m) = -3*m**2 + 91*m - 463. Calculate x(23).
43
Let k(m) = -31*m + 144. Calculate k(5).
-11
Let c(l) = -80*l - 87. Calculate c(-6).
393
Let k(z) = -2*z**3 - 14*z**2 + 45*z + 239. What is k(-8)?
7
Let c(a) = -a**3 + 260*a + 12. Calculate c(-16).
-52
Let f(p) = -p**2 - 24*p + 161. Determine f(-37).
-320
Let x(g) = -280*g + 542. Calculate x(2).
-18
Let y(g) = -g**2 - 10*g - 14. What is y(-9)?
-5
Let t(p) = -p**3 + 18*p**2 - 36*p - 28. Determine t(16).
-92
Let a(c) = c**3 + 38*c**2 - 30*c + 119. Determine a(-39).
-232
Let j(w) = 27*w**2 - 57*w + 6. Determine j(2).
0
Let b(d) = 2*d**3 - 11*d**2 + 14*d + 11. What is b(5)?
56
Let t(g) = 143*g + 6774. Calculate t(-47).
53
Let m(g) = -4*g + 185. Determine m(-6).
209
Let b(q) = q**3 + 34*q**2 + 250*q - 71. Calculate b(-23).
-2
Let x(v) = -v**2 - 6*v + 44. Calculate x(4).
4
Let c(t) = 123*t - 850. Calculate c(7).
11
Let g(d) = 215*d + 11191. Determine g(-52).
11
Let r(q) = 2*q**2 - 36*q + 189. Determine r(10).
29
Let d(u) = -2*u**2 + 103*u + 135. Calculate d(53).
-24
Let t(p) = -p**3 - 5*p**2 + 32*p + 33. Determine t(-9).
69
Let p(j) = 30*j**2 + 1493*j - 331. Calculate p(-50).
19
Let r(k) = 13*k - 109. Give r(12).
47
Let g(p) = -221*p**2 + 5*p + 2. Determine g(1).
-214
Let p(t) = -101*t - 194. Give p(-2).
8
Let y(z) = -z**2 - 3*z + 160. Calculate y(11).
6
Let h(r) = -2781*r + 2780. Determine h(1).
-1
Let k(j) = 817*j - 3270. Determine k(4).
-2
Let b(j) = -3*j**2 + 62*j + 31. What is b(22)?
-57
Let q(j) = 2*j**2 + 6*j + 14. Give q(5).
94
Let t(a) = 3*a**2 - 21*a - 75. Give t(-6).
159
Let w(c) = -2*c**3 - 18*c**2 - 43*c - 419. Give w(-9).
-32
Let f(o) = 8*o - 148. What is f(20)?
12
Let x(u) = -u**3 - 6*u**2 + 35*u - 20. Calculate x(-10).
30
Let f(u) = -6*u - 311. Give f(-64).
73
Let b(v) = v**3 + 15*v**2 + 18*v - 5. Determine b(-11).
281
Let p(b) = 3*b**2 + 154*b + 1396. Give p(-13).
-99
Let o(i) = -i**2 - 63*i - 1012. Calculate o(-30).
-22
Let n(o) = 2*o**2 + 23*o - 223. Determine n(7).
36
Let o(b) = -3*b**3 + 24*b**2 + 30*b - 20. What is o(9)?
7
Let n(a) = -40*a + 2031. Give n(52).
-49
Let t(c) = -26599*c - 132989. Determine t(-5).
6
Let d(a) = -7*a**2 - 105*a + 887. What is d(-21)?
5
Let c(k) = k**3 + 5*k**2 - 85*k - 533. What is c(-6)?
-59
Let q(h) = 664*h - 10060. Determine q(15).
-100
Let r(q) = -44*q**2 - 259*q - 339. What is r(-4)?
-7
Let s(x) = 400*x + 18838. What is s(-47)?
38
Let v(b) = 14*b + 9. Give v(-25).
-341
Let k(q) = q**3 + 22*q**2 + 19*q - 11. What is k(-15)?
1279
Let q(b) = b**3 + 30*b**2 + 206*b + 16. Give q(-20).
-104
Let y(p) = 2*p**3 - 26*p**2 - 69*p. Give y(13).
-897
Let f(n) = n**3 - 32*n**2 - 15*n - 253. Determine f(33).
341
Let a(c) = -c**2 - 9*c + 27. What is a(3)?
-9
Let o(v) = 163*v + 43. Give o(3).
532
Let p(s) = s**3 - 16*s**2 + 15*s. Give p(15).
0
Let j(l) = -238*l - 19548. What is j(-82)?
-32
Let b(x) = -x**3 + 2*x**2 + 27*x + 101. What is b(-4)?
89
Let c(y) = y**3 - 22*y**2 + 117*y + 12. What is c(10)?
-18
Let t(u) = 1465*u - 8735. Calculate t(6).
55
Let y(a) = -3*a**2 - 144*a - 703. Calculate y(-5).
-58
Let v(o) = -3*o**2 + 9*o - 27. Determine v(2).
-21
Let i(a) = 2*a**2 - 88*a + 506. Give i(37).
-12
Let v(m) = m**2 - 124*m + 925. What is v(8)?
-3
Let f(n) = 37*n**2 + 8657*n - 241. What is f(-234)?
-7
Let d(b) = -b**3 + 98*b**2 + 208*b - 752. Determine d(100).
48
Let x(v) = -5*v**3 + 33*v**2 + 55*v + 12. Determine x(8).
4
Let m(j) = -8*j - 162. What is m(-13)?
-58
Let h(j) = -4*j**2 - 85*j - 91. What is h(-19)?
80
Let u(n) = -27*n - 157. Determine u(-36).
815
Let l(w) = 4*w**2 + 6*w + 21. What is l(-6)?
129
Let i(p) = 7*p**2 - 25*p + 64. Calculate i(5).
114
Let y(t) = -2645*t + 18526. Determine y(7).
11
Let y(u) = -226*u - 731. Give y(-5).
399
Let y(b) = 3*b**2 - 53*b + 50. Calculate y(19).
126
Let o(b) = -b**3 + 18*b**2 + 62*b + 175. What is o(21)?
154
Let b(g) = -g**3 + 14*g**2 + 15*g - 50. Give b(15).
-50
Let g(u) = -u**2 + 65*u - 947. Determine g(47).
-101
Let s(i) = -10*i**2 + 204*i + 45. Calculate s(23).
-553
Let v(y) = 2*y**2 + 46*y + 130. What is v(-20)?
10
Let x(b) = 16*b**2 - 78*b - 105. Calculate x(6).
3
Let o(z) = -3*z**2 - 13*z + 69. Determine o(6).
-117
Let f(c) = c**3 + 4*c**2 - 17*c + 134. Give f(-8).
14
Let u(d) = -39*d - 81. Give u(-3).
36
Let g(v) = -305*v - 285. Calculate g(-1).
20
Let c(o) = o**3 - 32*o**2 + 223*o + 568. Give c(18).
46
Let f(d) = 1252*d + 25033. Give f(-20).
-7
Let u(g) = 2*g**2 + 14*g - 78. What is u(4)?
10
Let a(n) = -19*n**3 - 2*n**2 + 45*n - 44. Calculate a(1).
-20
Let d(h) = -38*h + 69. What is d(8)?
-235
Let o(i) = i**3 + 3*i**2 - 27*i - 66. Determine o(-5).
19
Let f(q) = q**2 - 148*q + 157. Calculate f(147).
10
Let z(v) = 510*v - 8155. Determine z(16).
5
Let m(p) = 47*p + 132. What is m(-3)?
-9
Let z(a) = -8*a - 411. Determine z(-29).
-179
Let s(a) = -2428*a - 4860. Calculate s(-2).
-4
Let l(a) = 19*a + 794. Give l(-41).
15
Let v(m) = 5*m**3 - 188*m**2 - 61*m - 51. Give v(38).
519
Let b(o) = -151*o - 897. What is b(-6)?
9
Let f(w) = -2*w**2 + 72*w + 6084. What is f(76)?
4
Let r(o) = -18*o**2 + 115*o - 6. Calculate r(6).
36
Let k(b) = -15*b + 430. Calculate k(34).
-80
Let n(o) = 123*o + 229. Calculate n(-3).
-140
Let c(p) = -p**3 - 41*p**2 - 55*p - 792. Calculate c(-40).
-192
Let w(h) = -h**3 + 5125*h**2 - 30707*h - 37. Calculate w(6).
5
Let k(w) = -3*w + 33. Calculate k(10).
3
Let y(k) = 70*k - 3430. Calculate y(49).
0
Let m(s) = -s**3 + 24*s**2 + 65*s + 14. Give m(27).
-418
Let m(c) = -136*c + 853. Give m(7).
-99
Let b(d) = -23*d**2 - 113*d + 6. Determine b(-4).
90
Let o(b) = -16*b**2 - 106*b - 302. Calculate o(-3).
-128
Let r(x) = -x**3 - 72*x**2 + 164*x + 1183. Give r(-74).
-1
Let j(u) = 7*u - 84. Give j(6).
-42
Let l(o) = o**3 - 6*o**2 - 32*o + 344. What is l(7)?
169
Let k(g) = g**3 - 260*g**2 - 792*g + 760. Determine k(263).
-29
Let w(m) = 1208*m + 12099. Determine w(-10).
19
Let m(w) = -15*w - 127. Calculate m(-17).
128
Let j(p) = -5*p**2 + 12*p + 1247. Give j(17).
6
Let o(j) = -104*j + 1874. What is o(18)?
2
Let w(l) = -60*l**2 + 15*l + 16. Determine w(-3).
-569
Let s(a) = -a**2 + 105*a + 798. Calculate s(-7).
14
Let o(y) = 40*y - 588. Determine o(14).
-28
Let o(j) = j**3 - 2*j**2 - j + 110. Calculate o(0).
110
Let m(y) = 4*y**3 + 50*y**2 - 306*y + 16. Give m(-17).
16
Let t(z) = 549*z**2 - 2196*z + 11. Calculate t(4).
11
Let h(b) = -57*b - 3088. Give h(-55).
47
Let x(u) = -349*u - 5197. Give x(-15).
38
Let a(y) = 12*y - 15. Give a(-8).
-111
Let c(j) = -3*j**3 - 12*j**2 - 44*j - 292. What is c(-5)?
3
Let d(p) = 15*p + 773. Calculate d(-19).
488
Let o(q) = -14*q**2 - 730*q + 4888. Determine o(6).
4
Let d(r) = -r**2 + 673*r + 19622. What is d(-28)?
-6
Let t(j) = -6*j**2 + 118*j - 363. Give t(16).
-11
Let a(q) = 12*q**2 + 43*q - 1. What is a(-4)?
19
Let k(f) = 4*f**3 - 5*f**2 + 225*f - 219. Give k(1).
5
Let x(l) = l**2 + 20*l - 30. Determine x(-16).
-94
Let p(k) = k**2 - 34*k - 65. What is p(27)?
-254
Let v(y) = -y**3 + 9*y**2 + 13*y + 22. Give v(11).
-77
Let b(f) = 23*f - 80. Calculate b(5).
35
Let q(s) = -s**3 - 35*s**2 - 217*s + 8. What is q(-8)?
16
Let t(a) = -28*a**2 - 49*a - 13. Determine t(-2).
-27
Let l(y) = 50*y - 9007. Determine l(180).
-7
Let m(s) = -33*s + 74. Calculate m(1).
41
Let i(s) = 21*s - 18. Calculate i(-3).
-81
Let h(k) = k**3 + 39*k + 370. Determine h(-8).
-454
Let h(z) = z**3 + 10*z**2 + 178*z + 1218. Calculate h(-7).
119
Let m(k) = -k**2 - 6*k + 2. Give m(-10).
-38
Let x(j) = 2*j**3 + 31*j**2 + 121*j + 27. Determine x(-8).
19
Let z(m) = -11*m**2 + 75*m + 41. Determine z(7).
27
Let w(s) = -s**3 + 19*s**2 - 22*s - 58. Give w(18).
-130
Let x(r) = -9*r**3 - 25*r**2 - 17*r - 78. Give x(-3).
-9
Let j(v) = -87*v - 2893. Give j(-33).
-22
Let y(c) = -2*c**3 + 60*c**2 - 109*c - 78. What is y(28)?
6
Let f(o) = 45*o - 266. Determine f(6).
4
Let r(c) = -7*c**3